{"id":2117,"date":"2013-10-24T13:00:25","date_gmt":"2013-10-24T11:00:25","guid":{"rendered":"http:\/\/lucedellapace.it\/w\/?page_id=2117"},"modified":"2024-11-13T17:56:11","modified_gmt":"2024-11-13T16:56:11","slug":"equipaggi-2013","status":"publish","type":"page","link":"https:\/\/lucedellapace.it\/w\/edizioni-passate\/edizione-2013\/equipaggi-2013\/","title":{"rendered":"Equipaggi 2013"},"content":{"rendered":"<h2><strong><span style=\"color: #ff0000;\">Equipaggi 2013 AL COMPLETO<\/span><br \/>\n<\/strong><\/h2>\n<h2><strong>Equipaggi (fino al 15\/11 SOLO FVG)<\/strong><\/h2>\n<table border=\"0\">\n<tbody>\n<tr>\n<td>La distribuzione della Luce \u00e8 nata per volont\u00e0 dell&#8217;interassociativo scout Triestino, negli ultimi anni per\u00f2 la mancanza di disponibilit\u00e0 da parte degli scouts e rovers locali, ci ha fatto estendere la richiesta di servizio ai rovers fuori Trieste di tutta l&#8217;Italia.Prima di aprire le iscrizioni a tutti gli scouts italiani, si \u00e8 deciso di riservare uno spazio temporale (due settimane: dal 1\u00b0 al 15 novembre) utile all&#8217;iscrizione degli scouts della nostra Regione.<\/td>\n<\/tr>\n<\/tbody>\n<\/table>\n<p>L&#8217;equipaggio \u00e8 formato dagli &#8220;ambasciatori di pace&#8221;.<br \/>\nFormazione degli equipaggi (i dati vengono aggiornati giornalmente):<\/p>\n<table style=\"width: 600px; height: 228px;\" border=\"0\" cellspacing=\"0\" cellpadding=\"0\">\n<tbody>\n<tr>\n<td style=\"border-color: #000000; border-style: solid; border-width: 1px;\"><strong>Percorso<\/strong><\/td>\n<td style=\"border-color: #000000; border-style: solid; border-width: 1px;\"><strong>Capo equipaggio<\/strong><br \/>\nofferti (richiesti)<\/td>\n<td style=\"border-color: #000000; border-style: solid; border-width: 1px;\"><strong>Componenti Triestini<\/strong><br \/>\nofferti (richiesti)<\/td>\n<td style=\"border-color: #000000; border-style: solid; border-width: 1px;\"><strong>Componenti di altre regioni<\/strong><br \/>\nofferti (richiesti)<\/td>\n<td style=\"border-color: #000000; border-style: solid; border-width: 1px; text-align: center;\">\u00a0Stato<\/td>\n<td><\/td>\n<\/tr>\n<tr>\n<td style=\"border-color: #000000; border-style: solid; border-width: 1px; text-align: left;\">TS-Genova<\/td>\n<td style=\"border-color: #000000; border-style: solid; border-width: 1px; text-align: center;\">1 (0)<\/td>\n<td style=\"border-color: #000000; border-style: solid; border-width: 1px; text-align: center;\">2 (0)<\/td>\n<td style=\"border-color: #000000; border-style: solid; border-width: 1px; text-align: center;\">2 (0)<\/td>\n<td style=\"border-color: #000000; border-style: solid; border-width: 1px; text-align: center;\">Non disponibile<\/td>\n<td><\/td>\n<\/tr>\n<tr>\n<td style=\"border-color: #000000; border-style: solid; border-width: 1px; text-align: left;\">TS-Lecce<\/td>\n<td style=\"border-color: #000000; border-style: solid; border-width: 1px; text-align: center;\">1 (0)<\/td>\n<td style=\"border-color: #000000; border-style: solid; border-width: 1px; text-align: center;\">2 (0)<\/td>\n<td style=\"border-color: #000000; border-style: solid; border-width: 1px; text-align: center;\">3 (0)<\/td>\n<td style=\"border-color: #000000; border-style: solid; border-width: 1px; text-align: center;\">Non disponibile<\/td>\n<td><\/td>\n<\/tr>\n<tr>\n<td style=\"border-color: #000000; border-style: solid; border-width: 1px; text-align: left;\">TS-Sicilia<\/td>\n<td style=\"border-color: #000000; border-style: solid; border-width: 1px; text-align: center;\">1 (0)<\/td>\n<td style=\"border-color: #000000; border-s\u00a0tyle: solid; border-width: 1px; text-align: center;\">2 (0)<\/td>\n<td style=\"border-color: #000000; border-style: solid; border-width: 1px; text-align: center;\">2 (0)<\/td>\n<td style=\"border-color: #000000; border-style: solid; border-width: 1px; text-align: center;\">Non disponibile<\/td>\n<td><\/td>\n<\/tr>\n<tr>\n<td style=\"border-color: #000000; border-style: solid; border-width: 1px; text-align: left;\">TS-Sardegna<\/td>\n<td style=\"border-color: #000000; border-style: solid; border-width: 1px; text-align: center;\">1(0)<\/td>\n<td style=\"border-color: #000000; border-style: solid; border-width: 1px; text-align: center;\">1 (0)<\/td>\n<td style=\"border-color: #000000; border-style: solid; border-width: 1px; text-align: center;\">Cagliari-Sassari<br \/>\n0 (2+)<\/td>\n<td style=\"border-color: #000000; border-style: solid; border-width: 1px; text-align: center;\">Non disponibile<\/td>\n<td><\/td>\n<\/tr>\n<\/tbody>\n<\/table>\n<p>Eccezionalmente \u00e8 stato possibile ammettere in equipaggio un Rover\/Scolta minorenne solo se accompagnato\/a dal suo capo clan\/compagnia\/fuoco.<\/p>\n<p>I componenti da altre regioni sono ospitati a Trieste almeno dal giorno prima della partenza.<\/p>\n Equipaggio all&#8217;opera\n<p>Vista la necessit\u00e0 di addestrare (anche se solo per mezz&#8217;ora) tutti i membri dell&#8217;equipaggio, vengono evitate le staffette &#8220;volanti&#8221;.<\/p>\n<p>Il viaggio con la luce \u00e8 normalmente a carico del Comitato e finanziato dalle offerte degli aderenti all&#8217;iniziativa.<\/p>\n<p><strong>A causa delle ristrettezze economiche che incombono sull&#8217;iniziativa, chiediamo a chi arriva da fuori provincia di autofinanziarsi il viaggio fino a Trieste.<\/strong><\/p>\n<p>La composizione degli equipaggi viene decisa dal Comitato al pi\u00f9 presto e comunque almeno una settimana prima della distribuzione, nel rispetto delle disponiblit\u00e0 date dai candidati e cercando di accontentarne le preferenze espresse.<\/p>\n<p><strong>Chiediamo a chi si candida da Trieste di tenersi libero pomeriggio e sera del venerdi immediatamente precedente e la sera di quello immediatamente successivo<\/strong>\u00a0alla distribuzione per partecipare all&#8217;incontro preliminare e alla cena di verifica.<\/p>\n<p><strong>Chiediamo a chi si candida da altre regioni di arrivare a Trieste al massimo nel primo pomeriggio del venerdi immediatamente precedente <\/strong>alla distribuzione per partecipare all&#8217;incontro preliminare e per vedere Trieste con la luce del sole. Se volete arrivare anche qualche giorno prima potete contattarci: verrete accolti con piacere.<\/p>\n<p>R\/S maggiorenni: avvisate della vostra partecipazione il vostro capo compagnia\/clan. Gli manderemo anche qualche info sull&#8217;iniziativa.<\/p>\n<p>Le richieste vanno compilate al seguente indirizzo: <a title=\"Diventa ambasciatore di Pace\" href=\"http:\/\/lucedellapace.it\/forms\/equip.php\" target=\"_blank\" rel=\"noopener\">iscrizione equipaggi<\/a><\/p>\n","protected":false},"excerpt":{"rendered":"<p>Equipaggi 2013 AL COMPLETO Equipaggi (fino al 15\/11 SOLO FVG) La distribuzione della Luce \u00e8 nata per volont\u00e0 dell&#8217;interassociativo scout Triestino, negli ultimi anni per\u00f2 la mancanza di disponibilit\u00e0 da [&hellip;]<\/p>\n","protected":false},"author":1,"featured_media":0,"parent":2136,"menu_order":2,"comment_status":"closed","ping_status":"open","template":"","meta":{"footnotes":""},"class_list":["post-2117","page","type-page","status-publish","hentry"],"_links":{"self":[{"href":"https:\/\/lucedellapace.it\/w\/wp-json\/wp\/v2\/pages\/2117","targetHints":{"allow":["GET"]}}],"collection":[{"href":"https:\/\/lucedellapace.it\/w\/wp-json\/wp\/v2\/pages"}],"about":[{"href":"https:\/\/lucedellapace.it\/w\/wp-json\/wp\/v2\/types\/page"}],"author":[{"embeddable":true,"href":"https:\/\/lucedellapace.it\/w\/wp-json\/wp\/v2\/users\/1"}],"replies":[{"embeddable":true,"href":"https:\/\/lucedellapace.it\/w\/wp-json\/wp\/v2\/comments?post=2117"}],"version-history":[{"count":21,"href":"https:\/\/lucedellapace.it\/w\/wp-json\/wp\/v2\/pages\/2117\/revisions"}],"predecessor-version":[{"id":5559,"href":"https:\/\/lucedellapace.it\/w\/wp-json\/wp\/v2\/pages\/2117\/revisions\/5559"}],"up":[{"embeddable":true,"href":"https:\/\/lucedellapace.it\/w\/wp-json\/wp\/v2\/pages\/2136"}],"wp:attachment":[{"href":"https:\/\/lucedellapace.it\/w\/wp-json\/wp\/v2\/media?parent=2117"}],"curies":[{"name":"wp","href":"https:\/\/api.w.org\/{rel}","templated":true}]}}