{"id":3384,"date":"2016-10-04T19:14:25","date_gmt":"2016-10-04T17:14:25","guid":{"rendered":"http:\/\/lucedellapace.it\/w\/?page_id=3384"},"modified":"2024-11-13T17:53:32","modified_gmt":"2024-11-13T16:53:32","slug":"costruttori-di-pace","status":"publish","type":"page","link":"https:\/\/lucedellapace.it\/w\/di-cosa-si-tratta\/costruttori-di-pace\/","title":{"rendered":"Costruttori di Pace"},"content":{"rendered":"\n<div class=\"wp-block-image\"><figure class=\"alignright\"><a href=\"http:\/\/lucedellapace.it\/w\/wp-content\/uploads\/2013\/12\/history2013.jpg\"><img loading=\"lazy\" decoding=\"async\" width=\"400\" height=\"283\" src=\"http:\/\/lucedellapace.it\/w\/wp-content\/uploads\/2013\/12\/history2013-400x283.jpg\" alt=\"Credits: Pfadfinder und Pfadfinderinnen \u00d6sterreichs - http:\/\/creativecommons.org\/licenses\/by-nc-nd\/3.0\/\" class=\"wp-image-2533\" srcset=\"https:\/\/lucedellapace.it\/w\/wp-content\/uploads\/2013\/12\/history2013-400x283.jpg 400w, https:\/\/lucedellapace.it\/w\/wp-content\/uploads\/2013\/12\/history2013-600x424.jpg 600w, https:\/\/lucedellapace.it\/w\/wp-content\/uploads\/2013\/12\/history2013-150x106.jpg 150w, https:\/\/lucedellapace.it\/w\/wp-content\/uploads\/2013\/12\/history2013-1024x724.jpg 1024w, https:\/\/lucedellapace.it\/w\/wp-content\/uploads\/2013\/12\/history2013-960x678.jpg 960w, https:\/\/lucedellapace.it\/w\/wp-content\/uploads\/2013\/12\/history2013-768x543.jpg 768w, https:\/\/lucedellapace.it\/w\/wp-content\/uploads\/2013\/12\/history2013-148x105.jpg 148w, https:\/\/lucedellapace.it\/w\/wp-content\/uploads\/2013\/12\/history2013-31x22.jpg 31w, https:\/\/lucedellapace.it\/w\/wp-content\/uploads\/2013\/12\/history2013-38x27.jpg 38w, https:\/\/lucedellapace.it\/w\/wp-content\/uploads\/2013\/12\/history2013-304x215.jpg 304w, https:\/\/lucedellapace.it\/w\/wp-content\/uploads\/2013\/12\/history2013-36x25.jpg 36w, https:\/\/lucedellapace.it\/w\/wp-content\/uploads\/2013\/12\/history2013-300x212.jpg 300w, https:\/\/lucedellapace.it\/w\/wp-content\/uploads\/2013\/12\/history2013.jpg 1655w\" sizes=\"auto, (max-width: 400px) 100vw, 400px\" \/><\/a><figcaption>Storia della distribuzione della luce nel mondo. Credits: Pfadfinder und Pfadfinderinnen \u00d6sterreichs<br>http:\/\/creativecommons.org\/licenses\/by-nc-nd\/3.0\/<\/figcaption><\/figure><\/div>\n\n\n\n<p>La parola \u201cpace\u201d ci richiama alla mente immagini di serenit\u00e0, di tranquillit\u00e0 e non leghiamo questo termine a concetti dinamici. Mentre invece la pace richiede impegno e tenacia. Quale migliore occasione ci offre la \u201cLuce di Betlemme\u201d per farci costruttori di pace?<\/p>\n\n\n\n<p>Ogni anno riceviamo dai vari gruppi <strong>testimonianze<\/strong> e relazioni sulle attivit\u00e0 svolte in occasione della distribuzione della \u201cluce\u201d nelle varie realt\u00e0 locali. Ci arrivano le vostre veglie, poesie, pensieri, relazioni degli incontri, fotografie. Queste testimonianze noi le raduniamo sul nostro sito e sui social network perch\u00e9 siano patrimonio di tutti. La stessa cosa avviene in Austria dove riuniscono le relazioni di tutti gli stati aderenti per poi stamparle in una relazione unica.<\/p>\n\n\n\n<p><strong>Nessuno ha l&#8217;imprimatur sulla Luce della Pace.<\/strong><br>Chi organizza una distribuzione, una manifestazione o qualsiasi altra cosa in suo onore non si pu\u00f2 arrogare il diritto di esserne l&#8217;unico gestore. Sarebbe come dire di essere padroni dell&#8217; aria, perch\u00e9 la Pace non discende dagli uomini ma da Dio, e nessuno deve arrogarsi il diritto di &#8220;gestire&#8221; ci\u00f2 che Dio ci ha dato.<\/p>\n\n\n\n<div class=\"wp-block-image size-medium wp-image-3797\"><figure class=\"alignleft is-resized\"><img loading=\"lazy\" decoding=\"async\" src=\"http:\/\/lucedellapace.it\/w\/wp-content\/uploads\/2016\/11\/scuole_romane_luce_betlemme_19_dic_2005_059-400x300.jpg\" alt=\"Scuole romane 19 dic 2005\" class=\"wp-image-3797\" width=\"412\" height=\"309\" srcset=\"https:\/\/lucedellapace.it\/w\/wp-content\/uploads\/2016\/11\/scuole_romane_luce_betlemme_19_dic_2005_059-400x300.jpg 400w, https:\/\/lucedellapace.it\/w\/wp-content\/uploads\/2016\/11\/scuole_romane_luce_betlemme_19_dic_2005_059-600x450.jpg 600w, https:\/\/lucedellapace.it\/w\/wp-content\/uploads\/2016\/11\/scuole_romane_luce_betlemme_19_dic_2005_059-150x113.jpg 150w, https:\/\/lucedellapace.it\/w\/wp-content\/uploads\/2016\/11\/scuole_romane_luce_betlemme_19_dic_2005_059-768x576.jpg 768w, https:\/\/lucedellapace.it\/w\/wp-content\/uploads\/2016\/11\/scuole_romane_luce_betlemme_19_dic_2005_059-1024x768.jpg 1024w, https:\/\/lucedellapace.it\/w\/wp-content\/uploads\/2016\/11\/scuole_romane_luce_betlemme_19_dic_2005_059-360x270.jpg 360w, https:\/\/lucedellapace.it\/w\/wp-content\/uploads\/2016\/11\/scuole_romane_luce_betlemme_19_dic_2005_059-80x60.jpg 80w\" sizes=\"auto, (max-width: 412px) 100vw, 412px\" \/><figcaption>Scuole romane 19 dic 2005<\/figcaption><\/figure><\/div>\n\n\n\n<p>Ognuno pu\u00f2 dare alla Luce della Pace significati diversi, ma deve dare identico valore.<\/p>\n\n\n\n<p>La Luce della Pace non ha solo un significato religioso, ma traduce in s\u00e9 molti valori civili, etici, morali accettati anche da chi non pensa di condividere una fede. Perci\u00f2 accogliamo coloro che vorranno partecipare alla distribuzione anche se non cristiani, purch\u00e9 condividano i valori di Pace e Fratellanza che la Luce della Pace porta con s\u00e9.<\/p>\n\n\n\n<p class=\"has-text-align-right\">Le Associazioni Scout Triestine<\/p>\n\n\n\n<div class=\"wp-block-image\"><figure class=\"aligncenter size-large is-resized\"><img loading=\"lazy\" decoding=\"async\" src=\"https:\/\/lucedellapace.it\/w\/wp-content\/uploads\/2021\/12\/WhatsApp-Image-2021-12-13-at-22.39.25-1-1024x609.jpeg\" alt=\"Candele per gli stati aderenti alla cerimonia del 2020\" class=\"wp-image-5744\" width=\"654\" height=\"388\" srcset=\"https:\/\/lucedellapace.it\/w\/wp-content\/uploads\/2021\/12\/WhatsApp-Image-2021-12-13-at-22.39.25-1-1024x609.jpeg 1024w, https:\/\/lucedellapace.it\/w\/wp-content\/uploads\/2021\/12\/WhatsApp-Image-2021-12-13-at-22.39.25-1-600x357.jpeg 600w, https:\/\/lucedellapace.it\/w\/wp-content\/uploads\/2021\/12\/WhatsApp-Image-2021-12-13-at-22.39.25-1-400x238.jpeg 400w, https:\/\/lucedellapace.it\/w\/wp-content\/uploads\/2021\/12\/WhatsApp-Image-2021-12-13-at-22.39.25-1-150x89.jpeg 150w, https:\/\/lucedellapace.it\/w\/wp-content\/uploads\/2021\/12\/WhatsApp-Image-2021-12-13-at-22.39.25-1-768x456.jpeg 768w, https:\/\/lucedellapace.it\/w\/wp-content\/uploads\/2021\/12\/WhatsApp-Image-2021-12-13-at-22.39.25-1-1536x913.jpeg 1536w, https:\/\/lucedellapace.it\/w\/wp-content\/uploads\/2021\/12\/WhatsApp-Image-2021-12-13-at-22.39.25-1.jpeg 1600w\" sizes=\"auto, (max-width: 654px) 100vw, 654px\" \/><figcaption>Candele per gli stati aderenti alla cerimonia del 2020<\/figcaption><\/figure><\/div>\n","protected":false},"excerpt":{"rendered":"<p>La parola \u201cpace\u201d ci richiama alla mente immagini di serenit\u00e0, di tranquillit\u00e0 e non leghiamo questo termine a concetti dinamici. Mentre invece la pace richiede impegno e tenacia. Quale migliore [&hellip;]<\/p>\n","protected":false},"author":1,"featured_media":0,"parent":23,"menu_order":3,"comment_status":"closed","ping_status":"open","template":"","meta":{"footnotes":""},"class_list":["post-3384","page","type-page","status-publish","hentry"],"_links":{"self":[{"href":"https:\/\/lucedellapace.it\/w\/wp-json\/wp\/v2\/pages\/3384","targetHints":{"allow":["GET"]}}],"collection":[{"href":"https:\/\/lucedellapace.it\/w\/wp-json\/wp\/v2\/pages"}],"about":[{"href":"https:\/\/lucedellapace.it\/w\/wp-json\/wp\/v2\/types\/page"}],"author":[{"embeddable":true,"href":"https:\/\/lucedellapace.it\/w\/wp-json\/wp\/v2\/users\/1"}],"replies":[{"embeddable":true,"href":"https:\/\/lucedellapace.it\/w\/wp-json\/wp\/v2\/comments?post=3384"}],"version-history":[{"count":9,"href":"https:\/\/lucedellapace.it\/w\/wp-json\/wp\/v2\/pages\/3384\/revisions"}],"predecessor-version":[{"id":5820,"href":"https:\/\/lucedellapace.it\/w\/wp-json\/wp\/v2\/pages\/3384\/revisions\/5820"}],"up":[{"embeddable":true,"href":"https:\/\/lucedellapace.it\/w\/wp-json\/wp\/v2\/pages\/23"}],"wp:attachment":[{"href":"https:\/\/lucedellapace.it\/w\/wp-json\/wp\/v2\/media?parent=3384"}],"curies":[{"name":"wp","href":"https:\/\/api.w.org\/{rel}","templated":true}]}}