{"id":4462,"date":"2018-07-07T13:27:40","date_gmt":"2018-07-07T11:27:40","guid":{"rendered":"http:\/\/lucedellapace.it\/w\/?page_id=4462"},"modified":"2024-11-17T12:00:36","modified_gmt":"2024-11-17T11:00:36","slug":"privacy-policy","status":"publish","type":"page","link":"https:\/\/lucedellapace.it\/w\/privacy-policy\/","title":{"rendered":"Privacy Policy"},"content":{"rendered":"\n<p class=\"has-text-align-right\">revisione 10.11.2019<\/p>\n\n\n\n<h2 class=\"wp-block-heading\">Chi siamo<\/h2>\n\n\n\n<p>L&#8217;indirizzo del nostro sito web \u00e8: <a href=\"https:\/\/lucedellapace.it\/\">https:\/\/lucedellapace.it\/<\/a>.<br>Il Comitato della Luce della Pace di Betlemme \u00e8 il Titolare del trattamento e ha sede in via Ippolito Pindemonte 14, 34126 TRIESTE, tuttavia per contattarci usa l&#8217;email lucedellapace@gmail.com in quanto non siamo presenti in sede. La sua presidente attualmente \u00e8 Anita De Rosa.<\/p>\n\n\n\n<p>L&#8217;associazione&nbsp; ha il fine di diffondere la cultura della Pace, della Fratellanza, dell\u2019Amicizia fra i popoli e della Solidariet\u00e0 attraverso il simbolo della Luce della Pace da Betlemme, secondo i principi e lo stile tipici dello Scoutismo, indicati dal suo fondatore Robert Baden Powell, organizzare, dirigere ed eseguire la distribuzione della Luce della Pace da Betlemme nel territorio nazionale.<br><span style=\"font-size: 1rem;\"><br>Puoi reperire altre informazioni e il contenuto dello statuto e dell&#8217;atto costitutivo su <a href=\"http:\/\/lucedellapace.it\/w\/contatti\/\">http:\/\/lucedellapace.it\/w\/contatti\/<\/a><\/span><\/p>\n\n\n\n<h2 class=\"wp-block-heading\">Quali dati personali raccogliamo e perch\u00e9 li raccogliamo<br>(modalit\u00e0 e finalit\u00e0)<\/h2>\n\n\n\n<h3 class=\"wp-block-heading\">Modulo di contatto e iscrizione all&#8217;iniziativa<\/h3>\n\n\n\n<p>Quando ci fornisci dati per aderire alla distribuzione della Luce (semplice iscritto, richiesta di far parte di un equipaggio o organizzatore di un evento), questi vengono inseriti in un database per l&#8217;organizzazione dell&#8217;evento e vieni anche iscritto alla Newsletter operativa della Luce della Pace da Betlemme.<\/p>\n\n\n\n<p>I dati che ti chiediamo sono funzionali alla buona riuscita dell&#8217;iniziativa e riguardano i tuoi dati di contatto, l&#8217;associazione, il gruppo e il luogo di azione dello stesso, l&#8217;orario e il luogo di accoglienza e distribuzione della Luce della Pace da Betlemme che ti riguardano.<br>Li usiamo per ricontattarti, mandarti comunicazioni sull&#8217;iniziativa, organizzare la distribuzione.<br>Una volta anonimizzati, effettuiamo statistiche macroscopiche sulle associazioni\/singoli\/parrocchie e numero di&nbsp; partecipanti.<\/p>\n\n\n\n<h3 class=\"wp-block-heading\">Commenti sui post<\/h3>\n\n\n\n<p>Quando i visitatori lasciano commenti sul sito, raccogliamo i dati mostrati nel modulo dei commenti oltre all&#8217;indirizzo IP del visitatore e la stringa dello user agent del browser per facilitare il rilevamento dello spam.<\/p>\n\n\n\n<p>Una stringa anonimizzata creata a partire dal tuo indirizzo email (altrimenti detta hash) pu\u00f2 essere fornita al servizio Gravatar per vedere se lo stai usando. La privacy policy del servizio Gravatar \u00e8 disponibile qui: <a href=\"https:\/\/automattic.com\/privacy\/\">https:\/\/automattic.com\/privacy\/<\/a>. Dopo l&#8217;approvazione del tuo commento, la tua immagine del profilo \u00e8 visibile al pubblico nel contesto del tuo commento.<\/p>\n\n\n\n<p>Al fine di ridurre lo spam e evitare pubblicazioni inopportune, raccogliamo e inviamo al servizio Akismet le seguenti informazioni: l&#8217;indirizzo IP di chi commenta, lo user agent, il referrer, e l&#8217;URL del sito (insieme ad altre informazioni fornite direttamente dall&#8217;utente che commenta, come nome, username, indirizzo email, e il testo stesso del commento).<\/p>\n\n\n\n\n\n<h3 class=\"wp-block-heading\">Media<\/h3>\n\n\n\n<p>Se carichi immagini sul sito web, valuta se evitare o meno di caricare immagini che includono i dati di posizione incorporati (EXIF GPS). I visitatori del sito web possono scaricare ed estrarre qualsiasi dato sulla posizione dalle immagini sul sito web.<\/p>\n\n\n\n<p><a name=\"cookie\"><\/a><\/p>\n\n\n\n<h3 class=\"wp-block-heading\">Cookie<\/h3>\n\n\n\n<p>Se lasci un commento sul nostro sito, puoi scegliere di salvare il tuo nome, indirizzo email e sito web nei cookie. Sono usati per la tua comodit\u00e0 in modo che tu non debba inserire nuovamente i tuoi dati quando lasci un altro commento. Questi cookie dureranno per un anno.<\/p>\n\n\n\n<p>Se hai un account e accedi a questo sito, verr\u00e0 impostato un cookie temporaneo per determinare se il tuo browser accetta i cookie. Questo cookie non contiene dati personali e viene eliminato quando chiudi il browser.<\/p>\n\n\n\n<p>Quando effettui l&#8217;accesso, verranno impostati diversi cookie per salvare le tue informazioni di accesso e le tue opzioni di visualizzazione dello schermo. I cookie di accesso durano due giorni mentre i cookie per le opzioni dello schermo durano un anno. Se selezioni &#8220;Ricordami&#8221;, il tuo accesso persister\u00e0 per due settimane. Se esci dal tuo account, i cookie di accesso verranno rimossi.<\/p>\n\n\n\n<p>Se modifichi o pubblichi un articolo, un cookie aggiuntivo verr\u00e0 salvato nel tuo browser. Questo cookie non include dati personali, ma indica semplicemente l&#8217;ID dell&#8217;articolo appena modificato. Scade dopo 1 giorno.<\/p>\n\n\n\n<p>Useremo i cookie anche per tenere traccia del contenuto del carrello mentre stai navigando sul nostro sito.<\/p>\n\n\n\n<h3 class=\"wp-block-heading\">Contenuto incorporato da altri siti web<\/h3>\n\n\n\n<p>Gli articoli su questo sito possono includere contenuti incorporati (ad esempio video, immagini, articoli, mappe, ecc.). I contenuti incorporati da altri siti web si comportano esattamente allo stesso modo come se il visitatore avesse visitato l&#8217;altro sito web.<\/p>\n\n\n\n<p>Questi siti web possono raccogliere dati su di te, usare cookie, integrare ulteriori tracciamenti di terze parti e monitorare l&#8217;interazione con essi, incluso il tracciamento della tua interazione con il contenuto incorporato se hai un account e sei connesso a quei siti web.<\/p>\n\n\n\n<p>In particolare incorporiamo spesso contenuti di Google Inc., Facebook Inc., Twitter Inc., Wosm da server che molto spesso sottostanno alla normativa statunitense.<\/p>\n\n\n\n<h3 class=\"wp-block-heading\">Analytics<\/h3>\n\n\n\n<p>Non effettuiamo al momento alcuna statistica di accesso al sito.<\/p>\n\n\n\n<h2 class=\"wp-block-heading\">Con chi condividiamo i tuoi dati<\/h2>\n\n\n\n<p>Per riuscire ad offrire un servizio usabile ci appoggiamo a un server in Cloud (Server farm su suolo italiano di Aruba S.p.A.) e una rete di distribuzione dei contenuti (content delivery network) che ci permette offrire una esperienza fluida e con un certo livello di sicurezza. Quwesto servizio viene offerto da Cloudflare Inc. attraverso il quale passano tutte le connessioni da e per il nostro server. Viene anche effettuato il decapsulamento e reincapsulamento del protocollo HTTPS: questo nella pratica rende possibile l&#8217;intercettazione di tutto il traffico in chiaro, compresi i tuoi dati personali da parte di Cloudflare Inc. come se fosse il gestore del sito. Tuttavia nelle loro policy sulla privacy \u00e8 garantita la riservatezza, l&#8217;eticit\u00e0 e legalit\u00e0 del trattamento. Maggiori informazioni su&nbsp; <a href=\"https:\/\/www.cloudflare.com\/privacypolicy\/\">https:\/\/www.cloudflare.com\/privacypolicy\/<\/a><\/p>\n\n\n\n<h2 class=\"wp-block-heading\">Per quanto tempo conserviamo i tuoi dati<\/h2>\n\n\n\n<p>Se lasci un commento, il commento e i relativi metadati vengono conservati a tempo indeterminato. \u00c8 cos\u00ec che possiamo riconoscere e approvare automaticamente eventuali commenti successivi invece di tenerli in una coda di moderazione.<\/p>\n\n\n\n<p>Per gli utenti che si registrano sul nostro sito web (se presenti), memorizziamo anche le informazioni personali che forniscono nel loro profilo utente. Tutti gli utenti possono vedere, modificare o cancellare le loro informazioni personali in qualsiasi momento (eccetto il loro nome utente che non possono cambiare se non su richiesta motivata). Gli amministratori del sito web possono anche vedere e modificare queste informazioni.<\/p>\n\n\n\n<p>L&#8217;iscrizione alla Newsletter \u00e8 a tempo indeterminato e in calce ad ogni email c&#8217;\u00e8 il link per disiscriverti. Se ti disiscrivi dalla newsletter pur partecipando alla distribuzione, puoi perdere informazioni di vitale importanza per l&#8217;iniziativa e potresti venire disiscritto d&#8217;uffiico dalla stessa in caso si ravvisino problemi organizzativi o di sicurezza. Puoi comunque successivamente reiscriverti in qualsiasi momento.<\/p>\n\n\n\n<p>Se ci fornisci i tuoi dati per aderire alla distribuzione della Luce (semplice iscritto, richiesta di far parte di un equipaggio o organizzatore di un evento), questi dati vengono cancellati dopo 2 anni a meno che:<\/p>\n\n\n\n<ul class=\"wp-block-list\">\n<li>Fai parte di una staffetta principale o secondaria (Li manteniamo fino a 10 anni dalla tua ultima partecipazione, offline per poterti ricontattare)<\/li>\n\n\n\n<li>Ospiti i tedofori nelle stazioni terminali (Li manteniamo fino a 10 anni dalla tua ultima partecipazione, online su pagina riservata a comitato e staffette per poterti ricontattare)<\/li>\n<\/ul>\n\n\n\n<h2 class=\"wp-block-heading\">Quali diritti hai sui tuoi dati<\/h2>\n\n\n\n<p>Se hai un account su questo sito, o hai lasciato commenti, puoi richiedere di ricevere un file esportato dal sito con i dati personali che abbiamo su di te, compresi i dati che ci hai fornito. Puoi anche richiedere che cancelliamo tutti i dati personali che ti riguardano. Questo non include i dati che siamo obbligati a conservare per scopi amministrativi, legali o di sicurezza.<\/p>\n\n\n\n<h2 class=\"wp-block-heading\">Dove spediamo i tuoi dati<\/h2>\n\n\n\n<p>I commenti dei visitatori sono controllati attraverso il servizio di rilevamento automatico dello spam Akismet operato da Automattic Inc.&nbsp; Per maggiori informazioni sull&#8217;uso dei tuoi dati da parte loro puoi consultare il loro sito <a href=\"https:\/\/automattic.com\/privacy\/\">https:\/\/automattic.com\/privacy\/<\/a> .<\/p>\n\n\n\n<p>Se ti iscrivi all&#8217;iniziativa o segnali un evento, i tuoi dati di contatto vengono messi a disposizione, anche all&#8217;estero, su richiesta <span style=\"color: #ff6600;\">e avvisandoti immediatamente<\/span>, al fine di agevolare la distribuzione della Luce della Pace da Betlemme. Ad esempio se qualcuno chiede da chi poter attingere la Luce nella tua zona geografica forniamo i contatti dei gruppi pi\u00f9 vicini fra cui il tuo contatto. Altri esempi di richieste avute sono: qualche giornalista che vuole scrivere un articolo o effettuare una intervista in video\/audio, qualche sindaco che vuole portare la Luce in sala del Consiglio o al presepe in piazza, gli Scout o altre organizzazioni straniere confinanti con la tua zona geografica o i BSA di una base NATO che vogliono organizzare attivit\u00e0 congiunte.<br>I tuoi dati vengono inoltre diffusi per gli stessi scopi a:<\/p>\n\n\n\n<ul class=\"wp-block-list\">\n<li>i membri del Comitato e i suoi collaboratori esterni<\/li>\n\n\n\n<li>i\u00a0 partecipanti alle staffette principali e secondarie<\/li>\n<\/ul>\n\n\n\n<p>Se sei un componente di una staffetta i tuoi dati vengono comunicati a chi ti ospita e ai componenti di tutte le staffette principali e secondarie, alle agenzie di viaggio o alle compagnie di trasporto usate per l&#8217;iniziativa.<\/p>\n\n\n\n<p>Se sei un capo staffetta, inoltre, il tuo contatto telefonico viene reso pubblico per il mese dell&#8217;evento.<\/p>\n\n\n\n<h2 class=\"wp-block-heading\">Informazioni aggiuntive<\/h2>\n\n\n\n<h3 class=\"wp-block-heading\">Come proteggiamo i tuoi dati<\/h3>\n\n\n\n<p>In seguito ad aggiornamenti di sicurezza dei rispettivi gestori, aggiorniamo tempestivamente la piattaforma CMS web utilizzata e i suoi temi e plugin e il sistema GNU\/Linux sottostante. Abbiamo disegnato i sistemi in modo da non avere accessi diretti ai database o a risorse non pensate come pubbliche.<br>Adottiamo sistemi di autorizzazione all&#8217;accesso e usiamo connessioni criptate per fornire o ricevere dati dagli utenti e per gestire la piattaforma da parte degli amministratori.<\/p>\n\n\n\n<h3 class=\"wp-block-heading\">Quali procedure abbiamo predisposto per prevenire la violazione dei dati<\/h3>\n\n\n\n<p>Attuiamo controlli e blocchi su tentativi reiterati di accesso.<\/p>\n\n\n\n<h3 class=\"wp-block-heading\">Da quali terze parti riceviamo dati<\/h3>\n\n\n\n<p>Nessuna<\/p>\n\n\n\n<h3 class=\"wp-block-heading\">Quale processo decisionale automatizzato e\/o profilazione facciamo con i dati dell&#8217;utente<\/h3>\n\n\n\n<p>Nessuno<\/p>\n\n\n\n<h3 class=\"wp-block-heading\">Requisiti di informativa normativa del settore<\/h3>\n\n\n\n<p>Quando ti iscrivi all&#8217;iniziativa annuale di distribuzione della Luce della Pace da Betlemme, dobbiamo informarti a chi diamo i tuoi dati, in che paesi li trattiamo, come modificarli o cancellarli e per quanto tempo li manteniamo nei nostri database.<\/p>\n","protected":false},"excerpt":{"rendered":"<p>revisione 10.11.2019 Chi siamo L&#8217;indirizzo del nostro sito web \u00e8: https:\/\/lucedellapace.it\/.Il Comitato della Luce della Pace di Betlemme \u00e8 il Titolare del trattamento e ha sede in via Ippolito Pindemonte [&hellip;]<\/p>\n","protected":false},"author":1,"featured_media":0,"parent":0,"menu_order":4,"comment_status":"closed","ping_status":"closed","template":"","meta":{"footnotes":""},"class_list":["post-4462","page","type-page","status-publish","hentry"],"_links":{"self":[{"href":"https:\/\/lucedellapace.it\/w\/wp-json\/wp\/v2\/pages\/4462","targetHints":{"allow":["GET"]}}],"collection":[{"href":"https:\/\/lucedellapace.it\/w\/wp-json\/wp\/v2\/pages"}],"about":[{"href":"https:\/\/lucedellapace.it\/w\/wp-json\/wp\/v2\/types\/page"}],"author":[{"embeddable":true,"href":"https:\/\/lucedellapace.it\/w\/wp-json\/wp\/v2\/users\/1"}],"replies":[{"embeddable":true,"href":"https:\/\/lucedellapace.it\/w\/wp-json\/wp\/v2\/comments?post=4462"}],"version-history":[{"count":17,"href":"https:\/\/lucedellapace.it\/w\/wp-json\/wp\/v2\/pages\/4462\/revisions"}],"predecessor-version":[{"id":7020,"href":"https:\/\/lucedellapace.it\/w\/wp-json\/wp\/v2\/pages\/4462\/revisions\/7020"}],"wp:attachment":[{"href":"https:\/\/lucedellapace.it\/w\/wp-json\/wp\/v2\/media?parent=4462"}],"curies":[{"name":"wp","href":"https:\/\/api.w.org\/{rel}","templated":true}]}}

<p class="has-text-align-right">revisione 10.11.2019</p>



<h2 class="wp-block-heading">Chi siamo</h2>



<p>L&#8217;indirizzo del nostro sito web è: <a href="https://lucedellapace.it/">https://lucedellapace.it/</a>.<br>Il Comitato della Luce della Pace di Betlemme è il Titolare del trattamento e ha sede in via Ippolito Pindemonte 14, 34126 TRIESTE, tuttavia per contattarci usa l&#8217;email lucedellapace@gmail.com in quanto non siamo presenti in sede. La sua presidente attualmente è Anita De Rosa.</p>



<p>L&#8217;associazione&nbsp; ha il fine di diffondere la cultura della Pace, della Fratellanza, dell’Amicizia fra i popoli e della Solidarietà attraverso il simbolo della Luce della Pace da Betlemme, secondo i principi e lo stile tipici dello Scoutismo, indicati dal suo fondatore Robert Baden Powell, organizzare, dirigere ed eseguire la distribuzione della Luce della Pace da Betlemme nel territorio nazionale.<br><span style="font-size: 1rem;"><br>Puoi reperire altre informazioni e il contenuto dello statuto e dell&#8217;atto costitutivo su <a href="http://lucedellapace.it/w/contatti/">http://lucedellapace.it/w/contatti/</a></span></p>



<h2 class="wp-block-heading">Quali dati personali raccogliamo e perché li raccogliamo<br>(modalità e finalità)</h2>



<h3 class="wp-block-heading">Modulo di contatto e iscrizione all&#8217;iniziativa</h3>



<p>Quando ci fornisci dati per aderire alla distribuzione della Luce (semplice iscritto, richiesta di far parte di un equipaggio o organizzatore di un evento), questi vengono inseriti in un database per l&#8217;organizzazione dell&#8217;evento e vieni anche iscritto alla Newsletter operativa della Luce della Pace da Betlemme.</p>



<p>I dati che ti chiediamo sono funzionali alla buona riuscita dell&#8217;iniziativa e riguardano i tuoi dati di contatto, l&#8217;associazione, il gruppo e il luogo di azione dello stesso, l&#8217;orario e il luogo di accoglienza e distribuzione della Luce della Pace da Betlemme che ti riguardano.<br>Li usiamo per ricontattarti, mandarti comunicazioni sull&#8217;iniziativa, organizzare la distribuzione.<br>Una volta anonimizzati, effettuiamo statistiche macroscopiche sulle associazioni/singoli/parrocchie e numero di&nbsp; partecipanti.</p>



<h3 class="wp-block-heading">Commenti sui post</h3>



<p>Quando i visitatori lasciano commenti sul sito, raccogliamo i dati mostrati nel modulo dei commenti oltre all&#8217;indirizzo IP del visitatore e la stringa dello user agent del browser per facilitare il rilevamento dello spam.</p>



<p>Una stringa anonimizzata creata a partire dal tuo indirizzo email (altrimenti detta hash) può essere fornita al servizio Gravatar per vedere se lo stai usando. La privacy policy del servizio Gravatar è disponibile qui: <a href="https://automattic.com/privacy/">https://automattic.com/privacy/</a>. Dopo l&#8217;approvazione del tuo commento, la tua immagine del profilo è visibile al pubblico nel contesto del tuo commento.</p>



<p>Al fine di ridurre lo spam e evitare pubblicazioni inopportune, raccogliamo e inviamo al servizio Akismet le seguenti informazioni: l&#8217;indirizzo IP di chi commenta, lo user agent, il referrer, e l&#8217;URL del sito (insieme ad altre informazioni fornite direttamente dall&#8217;utente che commenta, come nome, username, indirizzo email, e il testo stesso del commento).</p>





<h3 class="wp-block-heading">Media</h3>



<p>Se carichi immagini sul sito web, valuta se evitare o meno di caricare immagini che includono i dati di posizione incorporati (EXIF GPS). I visitatori del sito web possono scaricare ed estrarre qualsiasi dato sulla posizione dalle immagini sul sito web.</p>



<p><a name="cookie"></a></p>



<h3 class="wp-block-heading">Cookie</h3>



<p>Se lasci un commento sul nostro sito, puoi scegliere di salvare il tuo nome, indirizzo email e sito web nei cookie. Sono usati per la tua comodità in modo che tu non debba inserire nuovamente i tuoi dati quando lasci un altro commento. Questi cookie dureranno per un anno.</p>



<p>Se hai un account e accedi a questo sito, verrà impostato un cookie temporaneo per determinare se il tuo browser accetta i cookie. Questo cookie non contiene dati personali e viene eliminato quando chiudi il browser.</p>



<p>Quando effettui l&#8217;accesso, verranno impostati diversi cookie per salvare le tue informazioni di accesso e le tue opzioni di visualizzazione dello schermo. I cookie di accesso durano due giorni mentre i cookie per le opzioni dello schermo durano un anno. Se selezioni &#8220;Ricordami&#8221;, il tuo accesso persisterà per due settimane. Se esci dal tuo account, i cookie di accesso verranno rimossi.</p>



<p>Se modifichi o pubblichi un articolo, un cookie aggiuntivo verrà salvato nel tuo browser. Questo cookie non include dati personali, ma indica semplicemente l&#8217;ID dell&#8217;articolo appena modificato. Scade dopo 1 giorno.</p>



<p>Useremo i cookie anche per tenere traccia del contenuto del carrello mentre stai navigando sul nostro sito.</p>



<h3 class="wp-block-heading">Contenuto incorporato da altri siti web</h3>



<p>Gli articoli su questo sito possono includere contenuti incorporati (ad esempio video, immagini, articoli, mappe, ecc.). I contenuti incorporati da altri siti web si comportano esattamente allo stesso modo come se il visitatore avesse visitato l&#8217;altro sito web.</p>



<p>Questi siti web possono raccogliere dati su di te, usare cookie, integrare ulteriori tracciamenti di terze parti e monitorare l&#8217;interazione con essi, incluso il tracciamento della tua interazione con il contenuto incorporato se hai un account e sei connesso a quei siti web.</p>



<p>In particolare incorporiamo spesso contenuti di Google Inc., Facebook Inc., Twitter Inc., Wosm da server che molto spesso sottostanno alla normativa statunitense.</p>



<h3 class="wp-block-heading">Analytics</h3>



<p>Non effettuiamo al momento alcuna statistica di accesso al sito.</p>



<h2 class="wp-block-heading">Con chi condividiamo i tuoi dati</h2>



<p>Per riuscire ad offrire un servizio usabile ci appoggiamo a un server in Cloud (Server farm su suolo italiano di Aruba S.p.A.) e una rete di distribuzione dei contenuti (content delivery network) che ci permette offrire una esperienza fluida e con un certo livello di sicurezza. Quwesto servizio viene offerto da Cloudflare Inc. attraverso il quale passano tutte le connessioni da e per il nostro server. Viene anche effettuato il decapsulamento e reincapsulamento del protocollo HTTPS: questo nella pratica rende possibile l&#8217;intercettazione di tutto il traffico in chiaro, compresi i tuoi dati personali da parte di Cloudflare Inc. come se fosse il gestore del sito. Tuttavia nelle loro policy sulla privacy è garantita la riservatezza, l&#8217;eticità e legalità del trattamento. Maggiori informazioni su&nbsp; <a href="https://www.cloudflare.com/privacypolicy/">https://www.cloudflare.com/privacypolicy/</a></p>



<h2 class="wp-block-heading">Per quanto tempo conserviamo i tuoi dati</h2>



<p>Se lasci un commento, il commento e i relativi metadati vengono conservati a tempo indeterminato. È così che possiamo riconoscere e approvare automaticamente eventuali commenti successivi invece di tenerli in una coda di moderazione.</p>



<p>Per gli utenti che si registrano sul nostro sito web (se presenti), memorizziamo anche le informazioni personali che forniscono nel loro profilo utente. Tutti gli utenti possono vedere, modificare o cancellare le loro informazioni personali in qualsiasi momento (eccetto il loro nome utente che non possono cambiare se non su richiesta motivata). Gli amministratori del sito web possono anche vedere e modificare queste informazioni.</p>



<p>L&#8217;iscrizione alla Newsletter è a tempo indeterminato e in calce ad ogni email c&#8217;è il link per disiscriverti. Se ti disiscrivi dalla newsletter pur partecipando alla distribuzione, puoi perdere informazioni di vitale importanza per l&#8217;iniziativa e potresti venire disiscritto d&#8217;uffiico dalla stessa in caso si ravvisino problemi organizzativi o di sicurezza. Puoi comunque successivamente reiscriverti in qualsiasi momento.</p>



<p>Se ci fornisci i tuoi dati per aderire alla distribuzione della Luce (semplice iscritto, richiesta di far parte di un equipaggio o organizzatore di un evento), questi dati vengono cancellati dopo 2 anni a meno che:</p>



<ul class="wp-block-list">
<li>Fai parte di una staffetta principale o secondaria (Li manteniamo fino a 10 anni dalla tua ultima partecipazione, offline per poterti ricontattare)</li>



<li>Ospiti i tedofori nelle stazioni terminali (Li manteniamo fino a 10 anni dalla tua ultima partecipazione, online su pagina riservata a comitato e staffette per poterti ricontattare)</li>
</ul>



<h2 class="wp-block-heading">Quali diritti hai sui tuoi dati</h2>



<p>Se hai un account su questo sito, o hai lasciato commenti, puoi richiedere di ricevere un file esportato dal sito con i dati personali che abbiamo su di te, compresi i dati che ci hai fornito. Puoi anche richiedere che cancelliamo tutti i dati personali che ti riguardano. Questo non include i dati che siamo obbligati a conservare per scopi amministrativi, legali o di sicurezza.</p>



<h2 class="wp-block-heading">Dove spediamo i tuoi dati</h2>



<p>I commenti dei visitatori sono controllati attraverso il servizio di rilevamento automatico dello spam Akismet operato da Automattic Inc.&nbsp; Per maggiori informazioni sull&#8217;uso dei tuoi dati da parte loro puoi consultare il loro sito <a href="https://automattic.com/privacy/">https://automattic.com/privacy/</a> .</p>



<p>Se ti iscrivi all&#8217;iniziativa o segnali un evento, i tuoi dati di contatto vengono messi a disposizione, anche all&#8217;estero, su richiesta <span style="color: #ff6600;">e avvisandoti immediatamente</span>, al fine di agevolare la distribuzione della Luce della Pace da Betlemme. Ad esempio se qualcuno chiede da chi poter attingere la Luce nella tua zona geografica forniamo i contatti dei gruppi più vicini fra cui il tuo contatto. Altri esempi di richieste avute sono: qualche giornalista che vuole scrivere un articolo o effettuare una intervista in video/audio, qualche sindaco che vuole portare la Luce in sala del Consiglio o al presepe in piazza, gli Scout o altre organizzazioni straniere confinanti con la tua zona geografica o i BSA di una base NATO che vogliono organizzare attività congiunte.<br>I tuoi dati vengono inoltre diffusi per gli stessi scopi a:</p>



<ul class="wp-block-list">
<li>i membri del Comitato e i suoi collaboratori esterni</li>



<li>i  partecipanti alle staffette principali e secondarie</li>
</ul>



<p>Se sei un componente di una staffetta i tuoi dati vengono comunicati a chi ti ospita e ai componenti di tutte le staffette principali e secondarie, alle agenzie di viaggio o alle compagnie di trasporto usate per l&#8217;iniziativa.</p>



<p>Se sei un capo staffetta, inoltre, il tuo contatto telefonico viene reso pubblico per il mese dell&#8217;evento.</p>



<h2 class="wp-block-heading">Informazioni aggiuntive</h2>



<h3 class="wp-block-heading">Come proteggiamo i tuoi dati</h3>



<p>In seguito ad aggiornamenti di sicurezza dei rispettivi gestori, aggiorniamo tempestivamente la piattaforma CMS web utilizzata e i suoi temi e plugin e il sistema GNU/Linux sottostante. Abbiamo disegnato i sistemi in modo da non avere accessi diretti ai database o a risorse non pensate come pubbliche.<br>Adottiamo sistemi di autorizzazione all&#8217;accesso e usiamo connessioni criptate per fornire o ricevere dati dagli utenti e per gestire la piattaforma da parte degli amministratori.</p>



<h3 class="wp-block-heading">Quali procedure abbiamo predisposto per prevenire la violazione dei dati</h3>



<p>Attuiamo controlli e blocchi su tentativi reiterati di accesso.</p>



<h3 class="wp-block-heading">Da quali terze parti riceviamo dati</h3>



<p>Nessuna</p>



<h3 class="wp-block-heading">Quale processo decisionale automatizzato e/o profilazione facciamo con i dati dell&#8217;utente</h3>



<p>Nessuno</p>



<h3 class="wp-block-heading">Requisiti di informativa normativa del settore</h3>



<p>Quando ti iscrivi all&#8217;iniziativa annuale di distribuzione della Luce della Pace da Betlemme, dobbiamo informarti a chi diamo i tuoi dati, in che paesi li trattiamo, come modificarli o cancellarli e per quanto tempo li manteniamo nei nostri database.</p>

<p>revisione 10.11.2019 Chi siamo L&#8217;indirizzo del nostro sito web è: https://lucedellapace.it/.Il Comitato della Luce della Pace di Betlemme è il Titolare del trattamento e ha sede in via Ippolito Pindemonte [&hellip;]</p>
