{"id":4969,"date":"2019-11-12T20:10:46","date_gmt":"2019-11-12T19:10:46","guid":{"rendered":"https:\/\/lucedellapace.it\/w\/?page_id=4969"},"modified":"2024-11-13T17:54:58","modified_gmt":"2024-11-13T16:54:58","slug":"equipaggi-2019","status":"publish","type":"page","link":"https:\/\/lucedellapace.it\/w\/edizioni-passate\/edizione-2019\/equipaggi-2019\/","title":{"rendered":"Equipaggi 2019"},"content":{"rendered":"<table border=\"0\">\n<tbody>\n<tr>\n<td>La distribuzione della Luce \u00e8 nata per volont\u00e0 dell&#8217;interassociativo scout Triestino, negli ultimi anni per\u00f2 la mancanza di disponibilit\u00e0 da parte degli scout e rover locali, ci ha fatto estendere la richiesta di servizio ai rover di tutta l&#8217;Italia che ringraziamo vivamente per l&#8217;entusiasmo e la disponibilit\u00e0 al servizio.<\/td>\n<\/tr>\n<\/tbody>\n<\/table>\n<p>L&#8217;equipaggio \u00e8 formato dagli &#8220;ambasciatori di pace&#8221;.<br \/>\nFormazione degli equipaggi (i dati vengono aggiornati giornalmente):<\/p>\n<table style=\"width: 510px; height: 228px;\" border=\"0\" cellspacing=\"0\" cellpadding=\"0\">\n<tbody>\n<tr>\n<td style=\"border: 1px solid #000000; width: 139px;\"><strong>Percorso<\/strong><\/td>\n<td style=\"border: 1px solid #000000; text-align: center; width: 128px;\"><strong>Capo equipaggio<\/strong><br \/>\nR: richiesti<br \/>\nC: confermati<\/td>\n<td style=\"border: 1px solid #000000; text-align: center; width: 122px;\"><strong>\u00a0Altri componenti<\/strong><br \/>\nR: richiesti<br \/>\nC: confermati<\/td>\n<td style=\"text-align: center; border: 1px solid #000000; width: 111px;\">\u00a0Stato<\/td>\n<td style=\"width: 10px;\"><\/td>\n<\/tr>\n<tr>\n<td style=\"text-align: left; border: 1px solid #000000; width: 139px;\">TS &#8211; Sardegna<\/td>\n<td style=\"text-align: center; border: 1px solid #000000; width: 128px;\">R1 C1<\/td>\n<td style=\"text-align: center; border: 1px solid #000000; width: 122px;\">R1 C1<\/td>\n<td style=\"text-align: center; border: 1px solid #000000; width: 111px;\">al completo<\/td>\n<td style=\"width: 10px;\"><\/td>\n<\/tr>\n<tr>\n<td style=\"text-align: left; border: 1px solid #000000; width: 139px;\">Roma-Firenze<\/td>\n<td style=\"text-align: center; border: 1px solid #000000; width: 128px;\">R1 C1<\/td>\n<td style=\"text-align: center; border: 1px solid #000000; width: 122px;\">R4 C4<\/td>\n<td style=\"text-align: center; border: 1px solid #000000; width: 111px;\">al completo<\/td>\n<td style=\"width: 10px;\"><\/td>\n<\/tr>\n<tr>\n<td style=\"text-align: left; border: 1px solid #000000; width: 139px;\">Roma-Palermo<\/td>\n<td style=\"text-align: center; border: 1px solid #000000; width: 128px;\">R1 C1<\/td>\n<td style=\"text-align: center; border: 1px solid #000000; width: 122px;\">R4 C4<\/td>\n<td style=\"text-align: center; border: 1px solid #000000; width: 111px;\">al completo<\/td>\n<td style=\"width: 10px;\"><\/td>\n<\/tr>\n<tr>\n<td style=\"text-align: left; border: 1px solid #000000; width: 139px;\">TS-Lecce<\/td>\n<td style=\"text-align: center; border: 1px solid #000000; width: 128px;\">R1 C1<\/td>\n<td style=\"text-align: center; border: 1px solid #000000; width: 122px;\">R4 C4<\/td>\n<td style=\"text-align: center; border: 1px solid #000000; width: 111px;\">al completo<\/td>\n<td style=\"width: 10px;\"><\/td>\n<\/tr>\n<tr>\n<td style=\"text-align: left; border: 1px solid #000000; width: 139px;\">TS-Ventimiglia<\/td>\n<td style=\"text-align: center; border: 1px solid #000000; width: 128px;\">R1 C1<\/td>\n<td style=\"text-align: center; border: 1px solid #000000; width: 122px;\">R4 C4<\/td>\n<td style=\"text-align: center; border: 1px solid #000000; width: 111px;\">al completo<\/td>\n<td style=\"width: 10px;\"><\/td>\n<\/tr>\n<\/tbody>\n<\/table>\n<p>Eccezionalmente \u00e8 stato possibile ammettere in equipaggio un Rover\/Scolta minorenne solo se accompagnato\/a dal suo capo clan\/compagnia\/fuoco.<\/p>\n<p>Vista la necessit\u00e0 di addestrare (anche se solo per mezz&#8217;ora) tutti i membri dell&#8217;equipaggio, vengono evitate le staffette &#8220;volanti&#8221;.<\/p>\n<p>Il viaggio con la luce \u00e8 normalmente a carico del Comitato e finanziato dalle offerte degli aderenti all&#8217;iniziativa.<\/p>\n<figure id=\"attachment_2455\" aria-describedby=\"caption-attachment-2455\" style=\"width: 400px\" class=\"wp-caption alignright\"><img loading=\"lazy\" decoding=\"async\" class=\"wp-image-2455 size-medium\" src=\"http:\/\/lucedellapace.it\/w\/wp-content\/uploads\/2013\/12\/DSC02950-400x264.jpg\" alt=\"Distribuzione alla stazione di Monfalcone\" width=\"400\" height=\"264\" srcset=\"https:\/\/lucedellapace.it\/w\/wp-content\/uploads\/2013\/12\/DSC02950-400x264.jpg 400w, https:\/\/lucedellapace.it\/w\/wp-content\/uploads\/2013\/12\/DSC02950-600x396.jpg 600w, https:\/\/lucedellapace.it\/w\/wp-content\/uploads\/2013\/12\/DSC02950-150x99.jpg 150w, https:\/\/lucedellapace.it\/w\/wp-content\/uploads\/2013\/12\/DSC02950-1024x676.jpg 1024w, https:\/\/lucedellapace.it\/w\/wp-content\/uploads\/2013\/12\/DSC02950-960x633.jpg 960w, https:\/\/lucedellapace.it\/w\/wp-content\/uploads\/2013\/12\/DSC02950-768x507.jpg 768w, https:\/\/lucedellapace.it\/w\/wp-content\/uploads\/2013\/12\/DSC02950-148x98.jpg 148w, https:\/\/lucedellapace.it\/w\/wp-content\/uploads\/2013\/12\/DSC02950-31x20.jpg 31w, https:\/\/lucedellapace.it\/w\/wp-content\/uploads\/2013\/12\/DSC02950-38x25.jpg 38w, https:\/\/lucedellapace.it\/w\/wp-content\/uploads\/2013\/12\/DSC02950-326x215.jpg 326w, https:\/\/lucedellapace.it\/w\/wp-content\/uploads\/2013\/12\/DSC02950-36x24.jpg 36w, https:\/\/lucedellapace.it\/w\/wp-content\/uploads\/2013\/12\/DSC02950-90x59.jpg 90w, https:\/\/lucedellapace.it\/w\/wp-content\/uploads\/2013\/12\/DSC02950-300x198.jpg 300w\" sizes=\"auto, (max-width: 400px) 100vw, 400px\" \/><figcaption id=\"caption-attachment-2455\" class=\"wp-caption-text\"><strong>Distribuzione alla stazione di Monfalcone<\/strong><\/figcaption><\/figure>\n<p><strong>A causa delle ristrettezze economiche che incombono sull&#8217;iniziativa, chiediamo a chi arriva da fuori provincia di autofinanziarsi il viaggio fino a Trieste.<\/strong><\/p>\n<p>La composizione degli equipaggi viene decisa dal Comitato al pi\u00f9 presto e comunque almeno una settimana prima della distribuzione, nel rispetto delle disponibilit\u00e0 date dai candidati e cercando di accontentarne le preferenze espresse.<\/p>\n<p><strong>Chiediamo a chi si candida da Trieste di tenersi libero pomeriggio e sera del venerd\u00ec immediatamente precedente <\/strong>alla distribuzione per partecipare all&#8217;incontro preliminare.<\/p>\n<p><strong>Chiediamo a chi si candida da altre regioni di arrivare a Trieste al massimo nel primo pomeriggio<\/strong><strong><img loading=\"lazy\" decoding=\"async\" class=\"size-medium wp-image-2091 alignright\" src=\"http:\/\/lucedellapace.it\/w\/wp-content\/uploads\/2013\/10\/cropped-46530_449436931760132_1930372162_n-400x146.jpg\" alt=\"cropped-46530_449436931760132_1930372162_n.jpg\" width=\"400\" height=\"146\" srcset=\"https:\/\/lucedellapace.it\/w\/wp-content\/uploads\/2013\/10\/cropped-46530_449436931760132_1930372162_n-400x146.jpg 400w, https:\/\/lucedellapace.it\/w\/wp-content\/uploads\/2013\/10\/cropped-46530_449436931760132_1930372162_n-600x218.jpg 600w, https:\/\/lucedellapace.it\/w\/wp-content\/uploads\/2013\/10\/cropped-46530_449436931760132_1930372162_n-150x55.jpg 150w, https:\/\/lucedellapace.it\/w\/wp-content\/uploads\/2013\/10\/cropped-46530_449436931760132_1930372162_n-624x227.jpg 624w, https:\/\/lucedellapace.it\/w\/wp-content\/uploads\/2013\/10\/cropped-46530_449436931760132_1930372162_n-148x54.jpg 148w, https:\/\/lucedellapace.it\/w\/wp-content\/uploads\/2013\/10\/cropped-46530_449436931760132_1930372162_n-31x11.jpg 31w, https:\/\/lucedellapace.it\/w\/wp-content\/uploads\/2013\/10\/cropped-46530_449436931760132_1930372162_n-38x14.jpg 38w, https:\/\/lucedellapace.it\/w\/wp-content\/uploads\/2013\/10\/cropped-46530_449436931760132_1930372162_n-425x155.jpg 425w, https:\/\/lucedellapace.it\/w\/wp-content\/uploads\/2013\/10\/cropped-46530_449436931760132_1930372162_n-36x13.jpg 36w, https:\/\/lucedellapace.it\/w\/wp-content\/uploads\/2013\/10\/cropped-46530_449436931760132_1930372162_n-90x33.jpg 90w, https:\/\/lucedellapace.it\/w\/wp-content\/uploads\/2013\/10\/cropped-46530_449436931760132_1930372162_n-300x109.jpg 300w, https:\/\/lucedellapace.it\/w\/wp-content\/uploads\/2013\/10\/cropped-46530_449436931760132_1930372162_n.jpg 640w\" sizes=\"auto, (max-width: 400px) 100vw, 400px\" \/><\/strong><strong> del venerdi immediatamente precedente <\/strong>alla distribuzione per partecipare all&#8217;incontro preliminare e per vedere Trieste con la luce del sole. Se volete arrivare anche qualche giorno prima potete contattarci: verrete accolti con piacere.<\/p>\n<p>R\/S maggiorenni: avvisate della vostra intenzione di partecipare il vostro capo compagnia\/clan. Gli manderemo anche qualche info sull&#8217;iniziativa.<\/p>\n<h3>Le richieste vanno compilate al seguente indirizzo: <a title=\"Diventa ambasciatore di Pace\" href=\"http:\/\/lucedellapace.it\/forms\/equip.php\" target=\"_blank\" rel=\"noopener noreferrer\">iscrizione equipaggi<\/a><\/h3>\n","protected":false},"excerpt":{"rendered":"<p>La distribuzione della Luce \u00e8 nata per volont\u00e0 dell&#8217;interassociativo scout Triestino, negli ultimi anni per\u00f2 la mancanza di disponibilit\u00e0 da parte degli scout e rover locali, ci ha fatto estendere [&hellip;]<\/p>\n","protected":false},"author":1,"featured_media":0,"parent":5356,"menu_order":0,"comment_status":"closed","ping_status":"closed","template":"","meta":{"footnotes":""},"class_list":["post-4969","page","type-page","status-publish","hentry"],"_links":{"self":[{"href":"https:\/\/lucedellapace.it\/w\/wp-json\/wp\/v2\/pages\/4969","targetHints":{"allow":["GET"]}}],"collection":[{"href":"https:\/\/lucedellapace.it\/w\/wp-json\/wp\/v2\/pages"}],"about":[{"href":"https:\/\/lucedellapace.it\/w\/wp-json\/wp\/v2\/types\/page"}],"author":[{"embeddable":true,"href":"https:\/\/lucedellapace.it\/w\/wp-json\/wp\/v2\/users\/1"}],"replies":[{"embeddable":true,"href":"https:\/\/lucedellapace.it\/w\/wp-json\/wp\/v2\/comments?post=4969"}],"version-history":[{"count":4,"href":"https:\/\/lucedellapace.it\/w\/wp-json\/wp\/v2\/pages\/4969\/revisions"}],"predecessor-version":[{"id":4977,"href":"https:\/\/lucedellapace.it\/w\/wp-json\/wp\/v2\/pages\/4969\/revisions\/4977"}],"up":[{"embeddable":true,"href":"https:\/\/lucedellapace.it\/w\/wp-json\/wp\/v2\/pages\/5356"}],"wp:attachment":[{"href":"https:\/\/lucedellapace.it\/w\/wp-json\/wp\/v2\/media?parent=4969"}],"curies":[{"name":"wp","href":"https:\/\/api.w.org\/{rel}","templated":true}]}}